- -8103. What are the prime factors of k?
3, 5, 19
Let l(n) = n**2 - 3*n + 2. What are the prime factors of l(21)?
2, 5, 19
Let i(k) = 4*k**3 + 2*k**2 + 2*k + 2. Let h be i(3). Let x = h + -80. What are the prime factors of x?
2, 3
Let r(c) = -4*c**3 - 43*c**2 - 9*c + 26. What are the prime factors of r(-12)?
2, 7, 61
Let u(a) = -5*a - 5. Let b be u(-1). Suppose 16 = 4*m - b*m. What are the prime factors of m?
2
Suppose 5*o = 3*o - 120. Let x = 38 - o. List the prime factors of x.
2, 7
Suppose 5*u = 2*z + 1, -2 = 3*u - 5. Suppose -i + 525 = 4*i - 3*f, z*f = -2*i + 210. List the prime factors of i.
3, 5, 7
Let n be (-58)/(3/3*-4 + 2). Suppose -391 = -3*a + n. List the prime factors of a.
2, 5, 7
Suppose 3*d = -2*d - 125. Let l = d - -22. Let r(s) = -8*s - 1. What are the prime factors of r(l)?
23
Let o = 566 - -301. What are the prime factors of o?
3, 17
Suppose b = -s + 2*s - 20, 0 = -4*b + 12. Let h(o) = -14 + o + 22 + s - 6. List the prime factors of h(0).
5
Let m(b) = b**2 + 16*b + 20. Let k(l) = -l. Let h(y) = 2*k(y) - m(y). Let d be h(-17). Let z = 1 - d. List the prime factors of z.
2
Let z(x) = -x**2 - 4*x + 15. Let r be z(-9). Let k = 23 - r. What are the prime factors of k?
53
Let u(y) = 8*y**3 - 6*y**2 + 26*y - 7. List the prime factors of u(3).
233
Suppose -a + z - 1 = 2*a, 3*a + 2*z = -16. List the prime factors of a*(1/(-2) - 69/2).
2, 5, 7
Suppose -556*n + 550*n = -2202. What are the prime factors of n?
367
Let s(b) = 6*b + 8. Let f be s(0). Suppose -1040 = -f*g + 4*g. What are the prime factors of g?
2, 5, 13
Suppose -2 = -w - 3*u, 19 + 0 = 2*w + u. Suppose -g = -w + 9. Suppose 0 = -g*i + 160 - 24. List the prime factors of i.
2, 17
Suppose 2*t + 4*d = 1176, 4*t + 4*d + 1518 = 3890. List the prime factors of t.
2, 13, 23
Let y = 373 + -221. Let n = -108 + y. What are the prime factors of n?
2, 11
Let t(d) = 19*d**2 + 24*d + 11. List the prime factors of t(-11).
2, 3, 11, 31
Suppose -2*w + 2*d = -4, w - 10 = 5*w + 5*d. Suppose w*x = -4*v - 5*x + 181, 20 = 4*x. What are the prime factors of v?
3, 13
Let k(g) = 7*g + 4. Suppose -36*q + 41*q - 15 = 0. List the prime factors of k(q).
5
Suppose 0 = -5*x + 5*k + 160, 3*x + x - 164 = -5*k. Suppose -33*a = -x*a + 120. List the prime factors of a.
2, 5
Suppose 2*k + 20 = 12. Let g(o) = -o**2 + 12*o + 5. Let p(v) = -6*v - 2. Let u(i) = -2*g(i) - 5*p(i). List the prime factors of u(k).
2
Suppose -4*f - w = -35, -16 = -4*f - 2*w + 22. Suppose -5*i = 2*q + 12, 0 = q + 2*i + i + f. Suppose 65 = q*l + l. List the prime factors of l.
13
Let i(y) = 3*y + 84. Let w be i(0). Suppose 4*t = 5*f + 365, 5*t + 2*f + w = 565. List the prime factors of t.
5, 19
Let l(s) = s**3 + 49*s**2 - 57*s + 106. List the prime factors of l(-50).
2, 3, 19
Suppose 10*u + 30 = 5*u. Let m(z) = -18*z - 12. List the prime factors of m(u).
2, 3
Suppose -1848 = -3*w + 5*i - 3*i, -3*w + 1848 = -5*i. List the prime factors of w.
2, 7, 11
Suppose 6*s = 22 + 404. Suppose 6*n - s = 5*n. List the prime factors of n.
71
Let j(n) = 327*n - 74. Let i be j(17). What are the prime factors of 1/(i/1370 - 4)?
2, 137
Let g(d) = d - 7. Let q be g(7). Suppose -2*x - 2*x + 888 = q. List the prime factors of x.
2, 3, 37
Let n = -11 + 73. Suppose -3*a + 5*h + n = -0*h, 2*h - 34 = -3*a. What are the prime factors of a?
2, 7
Let f(u) = u**3 + 9*u**2 - 6*u + 11. Let l(k) = 2*k**3 + 19*k**2 - 12*k + 23. Let q(r) = 13*f(r) - 6*l(r). List the prime factors of q(4).
3, 31
Suppose 0 = 18*g - 23*g - 15. What are the prime factors of (g + 207 + -3 + 2)/1?
7, 29
Let l(x) = -x**3 + 6*x**2 - 9*x + 4. Let j be l(4). Suppose j = 5*s - 5*o - 1425, 0 = -3*s - 4*o - o + 895. What are the prime factors of s?
2, 5, 29
Let w(a) = -94*a**3 - 2*a**2 - a + 1. Suppose 5*s = -2*g + 5*g + 23, -s + 9 = -5*g. What are the prime factors of w(g)?
2, 47
Let o = 6964 - 4376. Let v be o/20 + 6/10. Suppose 14*i = 19*i - v. List the prime factors of i.
2, 13
Let x(h) = h**3 - h**2 - 6*h - 9. Let g be x(-2). Let l = g + 38. What are the prime factors of l?
29
Suppose 2*l - 8986 = -112*i + 117*i, 0 = 2*i. What are the prime factors of l?
4493
Suppose 4*q = 5*z - 3515 - 99, -3*z + 3*q = -2166. What are the prime factors of z?
2, 3, 11
Let k = 315 - 75. Suppose 5*j = 2*j - 5*d + 174, -k = -4*j - 4*d. List the prime factors of j.
3, 7
Suppose f - 4 = -0. Let k(d) = -4*d - 1. Let l be k(-20). Suppose -7 = f*x - l. List the prime factors of x.
2, 3
Let r = -1 - -3. Suppose 0 = 4*m - 16, r*u + 2*m - 44 = -2*u. Let h = u - 7. List the prime factors of h.
2
Suppose -22 = -2*t + 4*b, -b - 10 = -6*t + 4*t. Suppose 14 + 31 = t*i. List the prime factors of i.
3, 5
Let f(d) = d + 2. Let u be f(-2). Let w(j) = 2*j + 23. What are the prime factors of w(u)?
23
Let r = 194 - -153. What are the prime factors of r?
347
Let n(r) = r**3 + 4*r**2 - r - 14. Let q be n(-3). List the prime factors of 1 - (-212 - (q - -5)).
2, 3
Let o(k) = -183*k + 46. What are the prime factors of o(-5)?
31
Suppose 5*m - 5*y - 10 = 0, -3*m + 0*m - 4*y - 8 = 0. Suppose 4*q - 3 - 121 = m. List the prime factors of q.
31
Let j(g) = g**3 - 12*g**2 + 10*g + 9. Let s be j(11). What are the prime factors of s - -4 - (-9 + -3)?
2, 7
Let n be (-2655)/(-60) - 1/4. Let u be (n/(-33))/((-1)/15). Let m = u + -17. List the prime factors of m.
3
Let x(w) = 39*w - 3. Let d be x(9). Suppose 2*p - 262 = -3*k + p, 4*k + 2*p = d. What are the prime factors of k/(-24)*(0 + -3)?
11
Let w(b) = -16*b + 4. Let i be w(-4). Suppose 727 - i = 5*g - 3*d, 0 = -g + d + 131. What are the prime factors of g?
7, 19
Let z(h) = -190*h - 192. List the prime factors of z(-5).
2, 379
Let w = -37 - -722. List the prime factors of w.
5, 137
Let l be (-33)/(-9) + 1/3. Let k be -3 + 4/l - -2. Let i = 11 - k. What are the prime factors of i?
11
List the prime factors of (-24)/(-2) - 13 - (-1171 + 1).
7, 167
Suppose 48432 = 18*h + 12702. List the prime factors of h.
5, 397
Suppose -3*a = -8*a + 15. Suppose -6*j + 30 + 18 = 0. List the prime factors of (15/5)/(a/j).
2
Let j be (3/1)/(2/(-10)). Let k = 34 + j. What are the prime factors of k?
19
Let m(p) = -2*p**3 - 35*p**2 + 17*p + 15. List the prime factors of m(-18).
3, 11
Let a(f) = -f**3 + 9*f**2 + 3*f - 3. Let k be a(9). Suppose -o - 20 - k = 0. Let i = -14 - o. What are the prime factors of i?
2, 3, 5
List the prime factors of (-2850 + 14)*3/(-24)*2.
709
Let r(g) = g**3 + 9*g**2 + 8*g + 2. Let c be r(-8). Suppose 2*z + 4*v = 142, 0 = c*v - 10 - 0. Let u = z + -23. List the prime factors of u.
2, 19
Let d be (0 + 2)/(2/5). Suppose -4*h + 56 = -f, -3*h + 26 = 2*f - d. List the prime factors of h.
13
Let b(v) = 3*v**2 + 10*v + 1. Let u = 4 + -11. List the prime factors of b(u).
2, 3, 13
Let z(s) = 3*s**2 - 2*s - 1. Let n be z(2). Suppose 2*h + 5*w = 1, h - 2*w = -2 + n. List the prime factors of h.
3
Let q be (-17)/(-2)*26 + 1*-2. Suppose 8*b + q - 747 = 0. What are the prime factors of b?
2, 3, 11
Let p = -52 + 46. Let v be 2/(0 - 2/(-15)). What are the prime factors of 220/v + (-2)/p?
3, 5
Suppose 34*k - 74024 = -5480. What are the prime factors of k?
2, 3, 7
Let i(g) be the third derivative of g**4/12 + 61*g**3/6 + 32*g**2. List the prime factors of i(15).
7, 13
Suppose -284 = -5*s - 4*g, 3*g = 3*s - g - 196. Suppose 4*m - a = -3*a + 114, 0 = -2*m + 2*a + s. List the prime factors of m.
29
Suppose 0*w = -5*w - 1155. Let g = 341 + w. What are the prime factors of g?
2, 5, 11
Let p(i) = -i**3 + 3*i**2 + 2*i. Suppose -2*m = -5*h + 91, -2*m = 2*m - 8. Let k = h + -22. What are the prime factors of p(k)?
2, 3
Let c = 484 + 3466. What are the prime factors of c?
2, 5, 79
Let u = -8567 - -12626. What are the prime factors of u?
3, 11, 41
Suppose -1630 = -5*v + 1125. What are the prime factors of v?
19, 29
What are the prime factors of 8*-1 + 1 + 2 + 363?
2, 179
Let f(k) = -k**2 + 4*k - 3. Let j be f(2). Suppose 2*r - 5 + 13 = 2*b, 5*r - 4*b + 15 = 0. What are the prime factors of j - r*(-6 + 2)?
5
Let d(p) = -9*p**2 + 2 - 3 + p**3 - 6 + 4*p. Let j(q) = -8*q - 23. Let n be j(-4). What are the prime factors of d(n)?
29
Let k = 28 - 20. Let x = 5 - k. Let o(z) = -z**3 - 2*z**2 - 4*z - 1. List the prime factors of o(x).
2, 5
Let r be 1*(-1)/((-3)/(-603)). Let s = -134 - r. What are the prime factors of s?
67
Let c be